7
Let z = -36655 - -51829. List the prime factors of z.
2, 3, 281
Let m = 5026 - -4091. List the prime factors of m.
3, 1013
Let s(i) = -2*i**3 - 140*i**2 + 168*i - 171. What are the prime factors of s(-72)?
3, 941
Let c = 231 - 240. Let o(h) = 5*h**2 + 28*h + 19. What are the prime factors of o(c)?
2, 43
Suppose -3*d + 205239 + 34037 = x, 3*d - 239262 = -3*x. List the prime factors of d.
3, 11, 2417
Let i be (3 + -3)*6/(-72)*-6. Suppose 3*z - 2*x + 4*x - 1700 = 0, i = -z - x + 568. What are the prime factors of z?
2, 3, 47
Let k(m) = 90049*m**3 + m**2 + 51*m - 52. What are the prime factors of k(1)?
17, 5297
Suppose b - 2*a + 17 = 19, -4*b - 3*a + 19 = 0. Suppose -3*n = n - 1632. Suppose -3*r - 70 + n = -b*x, 3*x - 324 = -3*r. What are the prime factors of r?
2, 5, 11
Suppose 383 = -17*u + 7132. Suppose 4*z + 5*g = u, 5*z + 131 = -g + 622. What are the prime factors of z?
2, 7
Let o = 131 - 3. Let u = -239 + o. Let s = u - -282. What are the prime factors of s?
3, 19
Suppose -2*m + 18 = h, 0*m = 4*h + 2*m - 48. List the prime factors of 1284/16 + h/(-8).
79
Suppose 202*z = 1208549 + 215147. List the prime factors of z.
2, 881
Let j = 10614 - 2044. List the prime factors of j.
2, 5, 857
Suppose 0 = -11*r + 180 - 7968. Let n = 1137 + r. What are the prime factors of n?
3, 11, 13
Suppose 6*p - 247 = 59. Suppose -p*o + 11245 = -12419. What are the prime factors of o?
2, 29
Let d = 444 + -231. Suppose d*v - 208*v = 1240. List the prime factors of v.
2, 31
Suppose -3*j - 467 = -557. Let w(o) = o**3 - 26*o**2 - 77*o + 104. List the prime factors of w(j).
2, 17, 41
Let z be (-36)/(-24)*92/6. Suppose -14275 = z*g - 48*g. List the prime factors of g.
571
Let d be 90/(-315) - (-94028)/14. Suppose 0 = 22*x - d - 2942. What are the prime factors of x?
439
Suppose -5*m = -5*c + 1135, 4*m - 12 = m. Suppose c*j - 78 = 229*j. List the prime factors of j.
3, 13
Suppose 0 = -3*a + 133*i - 132*i + 57881, -4*i = -4. List the prime factors of a.
2, 11, 877
Let j be 1242/(-39) + 14/(-91). Let l = 32 + j. Suppose 4*b - 3*g - 129 = l, -b = 2*g + g - 36. What are the prime factors of b?
3, 11
Let b(d) = d**3 - 11*d**2 - 14*d - 44. Let g(r) = -r**3 + 13*r**2 + 13*r + 28. Let f be g(14). What are the prime factors of b(f)?
2, 3, 29
Let b(g) = -g**3 - 13*g**2 - 1. Let r be b(-13). Suppose 11*u + 119 = -442. List the prime factors of 6/r*748/u.
2, 11
Let l(m) = -m**3 - m + 1. Let j(a) = 4*a**3 - 6*a**2 + 1. Let y(k) = j(k) + 3*l(k). Let v be y(8). Let x = -28 + v. What are the prime factors of x?
2, 5
Suppose 10*k + 5 = 5. Suppose 4*j - 233 - 1019 = k. What are the prime factors of j?
313
Let v(k) = -32*k + 42. Let f(g) = 63*g - 80. Let w(j) = 2*f(j) + 5*v(j). What are the prime factors of w(-5)?
2, 5, 11
Suppose 0 = 3*f + 21*t - 23*t - 66115, 5*f = -4*t + 110177. List the prime factors of f.
22037
Suppose -50*k + 25*k = -30*k + 92680. What are the prime factors of k?
2, 7, 331
What are the prime factors of 19/95 + (-542674)/(-55)?
3, 11, 13, 23
Suppose 1115*k = 1110*k - 490. Let s = 805 - k. List the prime factors of s.
3, 7, 43
Suppose 0 = -3*b + 28 + 371. Suppose -13*u - b = -2135. List the prime factors of u.
2, 7, 11
Let s = 43 - 42. Let v be (-11)/2 - (s - -4)/(-10). What are the prime factors of 18 + ((-5)/v)/((-2)/(-4))?
2, 5
Let k = -272 - -146. Let w = 310 - k. What are the prime factors of w?
2, 109
Suppose 3*t + 282 = 3*w, 4*w = 3*t + 369 + 8. Suppose w + 1309 = 3*k. What are the prime factors of k?
2, 3, 13
Let v = 18141 + -7955. List the prime factors of v.
2, 11, 463
Let s(v) = -126*v - 17. Let h be 32/80 + 17/(-5). What are the prime factors of s(h)?
19
Suppose 3*r = 7*t - 1242, t = -3*r - t - 1242. Let s = r - -520. What are the prime factors of s?
2, 53
List the prime factors of ((-906)/(-8))/(1293/12068).
7, 151
Let f(z) = 18*z**2 - 440*z + 65. List the prime factors of f(35).
5, 17, 79
Suppose -26*c - 15163 = -72285. Suppose r - x - 537 = 197, 0 = -3*r - 2*x + c. List the prime factors of r.
733
What are the prime factors of 64498/(-51)*-15*(-2)/(-7)?
2, 5, 271
Let m = -604 + 3059. Suppose 2*y = -5*n - 0*y + m, -3*y = -15. List the prime factors of n.
3, 163
Suppose -13*o + 8*o = -10. List the prime factors of (o + 18/(-8))/((-7)/1148).
41
Let s(c) = 12*c**2 + 43*c - 309. List the prime factors of s(7).
2, 5, 29
Suppose -462*u + 237*u = -3687750. What are the prime factors of u?
2, 5, 11, 149
Let k(i) = i**2 + 11*i + 38. Let r be (-3)/(-5) - 0 - (-266)/(-35). Let p be k(r). Suppose a - 40 - 7 = 2*z, 0 = -5*z + p. List the prime factors of a.
3, 17
Let s be (2/3)/((-14)/(-21)) - 459. Let y = s + 837. What are the prime factors of y?
379
What are the prime factors of (-19561)/((-5 - (-195)/45)/(2/3))?
31, 631
Let f be (-7)/35 + 12288/15. Suppose 18*h - 675 = f. What are the prime factors of h?
83
Let p(w) = -5660*w + 137. What are the prime factors of p(-1)?
11, 17, 31
Let o(f) = -12*f + 11. Suppose -2*n - 5*c - 28 = -6, -n = -c + 4. Let x be o(n). Let t = 190 - x. List the prime factors of t.
107
Suppose 18*u - 15*u + 740 = p, -5*p - u = -3652. Let m = 1389 - p. What are the prime factors of m?
2, 7, 47
What are the prime factors of ((-5)/5*-21)/(15 - (-193495)/(-12900))?
2, 3, 5, 7, 43
Suppose 120*h + 142*h = 133*h + 4153542. List the prime factors of h.
2, 17, 947
Suppose 3*j + 1319 = 5*s, -5*j + 14*s - 12*s = 2230. Let t = j + 2245. List the prime factors of t.
3, 599
Let t = -12959 - -23322. List the prime factors of t.
43, 241
List the prime factors of (11 + 19320/16)*5*2.
5, 2437
Suppose -56*f + 24 = -52*f. Suppose -f = 6*j + 18. What are the prime factors of 76 - j - (-3 + 8)?
3, 5
Let q(a) = -43*a + 174. Let n be q(4). Suppose -5*b + 2346 = 4*j, 2*b - 6*j = -n*j + 916. List the prime factors of b.
2, 233
Let f(m) = 5870*m + 1496. List the prime factors of f(3).
2, 41, 233
Let a(z) = -z**3 + 41*z**2 - 25*z - 154. What are the prime factors of a(37)?
4397
Suppose -c + 4*u + 173 = 0, 0*c + 3*u = -c + 138. Let a = c - -103. Suppose -10*o - a = -12*o. List the prime factors of o.
2
Suppose -190 = 11*o + 52. Let v be 18/27*(o/4 + 1). What are the prime factors of (-528)/(-54) + v/((-27)/2)?
2, 5
Suppose 164*q = 47651 - 2715. What are the prime factors of q?
2, 137
What are the prime factors of (-12 + (-1752)/16)*2184/(-6)?
2, 3, 7, 13
Let x be (-30)/(-18) - (-4864)/12. Let k be x/143 - (-2)/13. Suppose 33 = k*o - 33. What are the prime factors of o?
2, 11
Let u(t) = 12*t - 10. Suppose 0 = -4*d - 4*x + 4, -2*d - 3*x + 2*x + 5 = 0. Suppose -d*v - 5*w + 41 = 0, v - 9 = -3*w + 10. What are the prime factors of u(v)?
2, 19
Let t(l) = -l**2 + 10*l - 17. Let m be t(12). Let o = m + 43. Suppose -4*c + 96 = -a, -4*c = -5*c - o*a + 15. List the prime factors of c.
23
Let o(h) = 102*h**2 - 12*h + 59. List the prime factors of o(14).
59, 337
Suppose 3*u + 0*v = 3*v, -5*u + 20 = -v. Suppose 5*x - 4773 = -1113. Suppose u*f + 162 = x. What are the prime factors of f?
2, 3, 19
Let i = -57 - -44. Let f = -8 - i. Suppose 0 = -f*g - 0*g + 3*m + 439, -g - 5*m = -71. List the prime factors of g.
2, 43
Let o(r) = 30*r**2 - 427*r + 200. What are the prime factors of o(27)?
83, 127
Let w(g) be the third derivative of 491*g**5/60 + g**4/12 + g**3/6 - 31*g**2. Let p be w(-1). Let t = p - 339. List the prime factors of t.
151
Let b(a) = 38*a**2 - 4*a - 3. Let z(c) = -c + 12. Let n be z(7). Suppose -2*t - 2 + 13 = -5*y, -t + n*y + 13 = 0. List the prime factors of b(t).
157
Let j be 96/6 + -6 - 6. Suppose 4*d = 8, 7*f - j*f - 1097 = 2*d. What are the prime factors of f?
367
Let q(z) be the first derivative of 11*z**4/4 + z**3/2 + 3*z**2 + 33*z + 18. Let a(l) be the first derivative of q(l). What are the prime factors of a(-2)?
2, 3, 11
Let m = -1066 - -368. Let o = 728 + m. List the prime factors of o.
2, 3, 5
Let v = 4213 - 2678. Suppose 8*j + v = 13*j. What are the prime factors of j?
307
Let o = -19 - -116. Let g = 581 - o. What are the prime factors of g?
2, 11
Suppose o - 6*o + 13 = 4*h, 6 = h + 4*o. Suppose 0 = 5*n - 5, h*n + n + 447 = 5*f. List the prime factors of f.
2, 3, 5
Suppose 0 = -12*l + 21251 + 12961. List the prime factors of l.
2851
Let f(m) = 10*m**3 - 2*m**2 - 10*m + 2. Suppose -2 = -4*o + p + 9, 5*o - p - 15 = 0. What are the prime factors of f(o)?
2, 3